t z(o) = -o**2 + 4*o + 3. Let a be z(4). Suppose a*b + 0*b + 6 = 0. Let t be l(b). Calculate the greatest common factor of t and 50.
10
Suppose 0 = 5*b - 3*g + 100, 3*b + 3*g + 21 + 15 = 0. Let i = b + 35. Calculate the greatest common divisor of i and 72.
18
Suppose -4*b + 11 = 3. Suppose -3*m + 3 + 9 = 0. Suppose -6*o + m*o + 10 = 0. What is the highest common factor of b and o?
1
Let x(m) = 2*m - 4*m**2 + m**3 + 2*m**3 - m**3 + 3. Let c be x(4). Suppose -u + 6*u - c = 0. What is the greatest common factor of 135 and u?
15
Let h(j) = -4 + 2 - 28*j - 2. Let d be h(-3). What is the highest common factor of d and 32?
16
Suppose -4*y + 3*i + 27 = 0, -i + 0 + 4 = 3*y. Let f = -13 + 22. What is the highest common divisor of y and f?
3
Suppose 4*z - 14 = 6. Let s be 242/10 + 10/(-50). Suppose -s = i - z*i. What is the highest common factor of i and 18?
6
Let s(k) be the third derivative of 5*k**4/24 + 5*k**3/6 - 2*k**2. Let o be s(11). Calculate the highest common factor of 12 and o.
12
Let d be (-2)/2 + (9 - 3). What is the highest common divisor of 55 and d?
5
Let c be (5 + -7)*(-9)/2. Let p be c/5*(8 - 3). Suppose 2*y = -y + 297. What is the greatest common factor of y and p?
9
Let j = 76 - 52. Suppose -4*r = -0*r - 64. Calculate the greatest common factor of r and j.
8
Let b(f) = f**3 - 7*f**2 - f. Let w be b(7). Let h = -5 - w. Suppose 5*c - 75 = -5*d, 4*c + 3*d = h*c + 29. What is the highest common factor of c and 8?
8
Let h be 57/2*8/3. Suppose 5*o - h = -3*l + 174, -l = -o + 50. What is the greatest common factor of o and 125?
25
Let o = 595 + -270. Let p = 7 - 3. Suppose v - 82 = 2*i, i = -p*v + 6*i + o. What is the highest common factor of 10 and v?
10
Let m(w) = -12*w**3 - w. Let f be m(-1). Let v be 1*(-1)/2*2. Let z = v + f. Calculate the greatest common divisor of 18 and z.
6
Let v be (-1)/(-3) - 644/(-12). Suppose s - 4*s + v = 0. What is the highest common factor of 12 and s?
6
Let q = -183 - -113. Let t be 1/(2/q)*-1. Suppose 4*i = 58 - 2. What is the highest common divisor of i and t?
7
Suppose x = -2 - 25. Let s = x - -41. Calculate the highest common factor of s and 140.
14
Suppose 0 = 5*u - 10, 0*u - u = 2*x - 90. What is the greatest common divisor of 11 and x?
11
Let l be (0 + -1)*(5 - 70). Let m be 1/(2/50) + 1. Calculate the greatest common factor of l and m.
13
Suppose -4*p - p = -1185. Let u be (-1)/6 + p/18. Calculate the greatest common factor of u and 13.
13
Let d be ((-4)/3)/(2/(-6)). Let h = 11 + d. Let c = 22 - 7. What is the greatest common factor of c and h?
15
Let f = 0 - -60. Suppose -270 = -9*a - 9*a. What is the highest common divisor of f and a?
15
Let l(f) = -f**2 - 9*f + 1. Let z be l(-8). Let s(i) = -i**3 - 16*i**2 - 21*i - 9. Let p be s(-15). Calculate the greatest common factor of p and z.
9
Let n(w) = -w**2 - 11*w + 16. Let k be n(-11). Let p(f) = -k*f - 1 - 3 + f**2 + 15*f. Let b be p(4). What is the highest common factor of b and 2?
2
Let y(k) = 10*k**3 + 3*k**2 - k - 2. Let n be ((-2)/3)/(8/(-36)). Let b be ((-16)/(-12))/(2/n). Let v be y(b). What is the highest common divisor of v and 11?
11
Let d be 6/(-4) - 126/(-4). Suppose -2*z = 3*z - d. What is the greatest common factor of 6 and z?
6
Suppose 3*o - o = 6*o. Let w(p) = 27*p. Let d be w(1). Suppose o*i - i = -d. Calculate the greatest common factor of 18 and i.
9
Let y = 1 - -2. Suppose 0 = 2*a - y*q - q - 2, -3*q + 3 = -a. Calculate the highest common factor of 1 and a.
1
Let f be (-9)/(-1)*16/3. Calculate the greatest common divisor of f and 6.
6
Suppose 0*n + 3*n - 4*k - 395 = 0, 2*n = -5*k + 271. What is the highest common divisor of n and 19?
19
Let u be ((-26)/(-65))/(1/80). What is the highest common divisor of 96 and u?
32
Suppose 16*y - 6*y = 50. What is the greatest common factor of 40 and y?
5
Let w = 1 + 1. Suppose -a - 4*a + 100 = 5*r, -w*a + 4 = 0. Let k be (-4)/(-18) - (-284)/r. Calculate the highest common divisor of 4 and k.
4
Let d(f) = -6*f - 6. Let w be d(-5). Calculate the greatest common factor of w and 6.
6
Let q = -20 + 81. Let v = q + 38. Let r = 2 - -7. Calculate the highest common factor of v and r.
9
Let t be 4/(-6) - 1248/(-36). What is the highest common factor of t and 17?
17
Let y be 15/(((-6)/(-4))/3). Calculate the highest common divisor of y and 20.
10
Let s = 26 - -38. What is the highest common factor of s and 8?
8
Suppose 2*f - 104 = -4*d, f - 16 - 28 = 2*d. Suppose 3*n - 24 = n. Calculate the greatest common divisor of f and n.
12
Let i be -2 + -6*(-1)/3. Suppose 2*z + z - 36 = i. Calculate the greatest common factor of 4 and z.
4
Suppose -3*p + 29 = 5*a, 0*a = 4*a - 5*p - 1. Let z = -3 + a. Let y be ((-1)/(3/(-6)))/z. What is the highest common factor of y and 18?
2
Suppose 758 = 6*w + 98. Let u = -16 - -26. Suppose -49 = -5*x - y, u = -4*x + 3*y + 53. What is the highest common factor of w and x?
10
Let s(z) = -2*z - 4. Let d = -16 - -10. Let c be s(d). Suppose -3*p = -3*f - 3, -2*f - f + 4*p = c. What is the greatest common factor of f and 36?
4
Suppose 0 = -4*u + u + 1878. Suppose 5*r - u = 2*r + n, 3*r + 2*n = 629. Calculate the greatest common divisor of 19 and r.
19
Let h(o) = o**3 + 2*o**2 - 2*o - 4. Let m be (-1)/3 + (-11)/3. Let v be h(m). Let f = v + 53. What is the greatest common divisor of 10 and f?
5
Let x be (4 - 2)*(4 - 0/(-4)). Let w be 1*(12/(-2))/1. Let c be (7 - 1)*(-20)/w. Calculate the highest common factor of c and x.
4
Let g(d) = -d**2 + 13. Let z be g(0). Suppose 3*b + 2*b = -3*j - 12, b + 4 = -j. Suppose 2*v - 286 = -b*v. What is the greatest common factor of z and v?
13
Suppose -45 = -3*k + 2*k. Let x be (-8 - -5)/((-2)/(-4)). Let v be ((-27)/x + 0)*2. Calculate the greatest common factor of v and k.
9
Let q = -6 + 21. Calculate the highest common factor of 3 and q.
3
Let p = -4 + 8. Calculate the greatest common factor of 36 and p.
4
Suppose -v + 2 = 2*w, -v - w + 2 = 4*w. Let j be v*(-12)/(-9)*3. Calculate the highest common factor of 4 and j.
4
Suppose 0 = 3*u - u - 56. What is the highest common factor of 84 and u?
28
Suppose 0 = 5*j + 20, -5*v - 5*j + 752 + 273 = 0. Calculate the highest common factor of v and 19.
19
Let g(y) = y**2 - 6*y + 5. Let k be g(-7). Suppose -k = -5*m + m. Calculate the greatest common divisor of 6 and m.
6
Let j be 110/(-77)*(-7)/2. Calculate the greatest common divisor of j and 15.
5
Suppose 33 + 52 = c. Calculate the highest common factor of c and 17.
17
Suppose 0 = -p - 3, 0 = l + 2*p + 2*p + 7. Suppose 4*m - l*o = 381, 5*m - 656 = -o - 158. Calculate the highest common divisor of m and 9.
9
Let k = -12 + 33. Calculate the greatest common divisor of 42 and k.
21
Suppose -4*n - n - 62 = -3*k, n = -k + 26. What is the greatest common divisor of k and 16?
8
Let i(y) = y - 5. Let k be i(5). Suppose 0*j - 4*j + 88 = k. What is the highest common divisor of j and 2?
2
Suppose 0*b = -4*b, 5*b = -4*k + 208. Let t = k + -4. Suppose 3*a - 2*y - 20 = 16, -t = -4*a - 5*y. What is the greatest common factor of a and 30?
6
Suppose 5*a = 4*p + p - 130, -3*a - 6 = 0. Let h = 130 - 199. Let d = h - -165. Calculate the greatest common factor of d and p.
24
Suppose -9 - 6 = -5*f. What is the greatest common factor of f and 12?
3
Suppose -3*p + 53 = 5*j, 2*j - 2*p - 10 = -6*p. Suppose -j - 19 = -2*w. What is the highest common factor of w and 144?
16
Suppose -2*x + 2*i + 22 = 0, -3*i = 5*x + 19 - 42. Let y be 1 + 0 + 0 - -13. Calculate the greatest common factor of y and x.
7
Let z(x) = -x + 55. Let k be z(17). What is the greatest common factor of k and 57?
19
Suppose 6*t - 10*t = -8. What is the greatest common factor of t and 6?
2
Let w be 2/7 + (-2)/7. Let p = -8 - w. Let t be (p/(-6))/((-1)/(-105)). What is the greatest common factor of t and 20?
20
Let p be (471/(-6) + 1)*-2. Suppose 3*l = -3*m + 2*l + 245, -2*m + l + p = 0. Calculate the greatest common divisor of m and 32.
16
Let g(u) = 2*u + 33. Let c be g(-12). Let z be (18/(-4))/((-1)/2). Suppose 0 = p - z. Calculate the greatest common divisor of p and c.
9
Let s(b) = -3*b + 2*b**2 + 6 - 3*b - 4*b. Let x be s(6). Calculate the highest common divisor of x and 45.
9
Suppose 0 = -l - 4*l - 245. Let h = 69 + l. Calculate the highest common factor of 2 and h.
2
Let b = 11 - -2. Suppose 0 = 4*j - 27 - b